{"id":34,"date":"2016-03-04T11:08:47","date_gmt":"2016-03-04T10:08:47","guid":{"rendered":"http:\/\/jpa67.fr\/fr\/?page_id=34"},"modified":"2018-01-23T09:05:26","modified_gmt":"2018-01-23T08:05:26","slug":"la-campagne-eleves-solidaires","status":"publish","type":"page","link":"http:\/\/jpa67.fr\/fr\/nos-actions\/la-campagne-eleves-solidaires\/","title":{"rendered":"La Campagne de Solidarit\u00e9 2018"},"content":{"rendered":"<blockquote>\n<h5><strong>Pour que tous les enfants puissent partir en colo\u00a0!<br \/>\n<\/strong>Le fruit de cette collecte sert \u00e0 aider les enfants et les jeunes de milieux d\u00e9favoris\u00e9s ou en situation de handicap \u00e0 partir en colonies de vacances.<\/h5>\n<\/blockquote>\n<hr \/>\n<h3>Qu&rsquo;est-ce que la Campagne de Solidarit\u00e9 de la JPA ?<\/h3>\n<h5><strong>Une action de solidarit\u00e9<\/strong><\/h5>\n<div id=\"attachment_833\" style=\"width: 210px\" class=\"wp-caption alignright\"><a href=\"http:\/\/jpa67.fr\/fr\/wp-content\/uploads\/2016\/03\/selection-18-page-001.jpg\"><img aria-describedby=\"caption-attachment-833\" loading=\"lazy\" class=\"wp-image-833 size-medium\" src=\"http:\/\/jpa67.fr\/fr\/wp-content\/uploads\/2016\/03\/selection-18-page-001-200x300.jpg\" alt=\"L'affiche de la Campagne de Solidarit\u00e9 2017\" width=\"200\" height=\"300\" srcset=\"http:\/\/jpa67.fr\/fr\/wp-content\/uploads\/2016\/03\/selection-18-page-001-200x300.jpg 200w, http:\/\/jpa67.fr\/fr\/wp-content\/uploads\/2016\/03\/selection-18-page-001-768x1152.jpg 768w, http:\/\/jpa67.fr\/fr\/wp-content\/uploads\/2016\/03\/selection-18-page-001-683x1024.jpg 683w\" sizes=\"(max-width: 200px) 100vw, 200px\" \/><\/a><p id=\"caption-attachment-833\" class=\"wp-caption-text\">L&rsquo;affiche de la Campagne de Solidarit\u00e9 2018<\/p><\/div>\n<p>Pour les enfants et les jeunes, les colonies de vacances sont\u00a0une occasion de rencontrer les autres, d&rsquo;apprendre la vie en groupe, de faire des d\u00e9couvertes, de devenir autonomes ou tout simplement de conna\u00eetre des moments de divertissement et de d\u00e9tente dans une approche p\u00e9dagogique diff\u00e9rente.<\/p>\n<p>Il est important qu&rsquo;elles soient accessibles \u00e0 tous.<\/p>\n<p>En invitant les \u00e9tablissements scolaires \u00e0 participer \u00e0 sa Campagne de\u00a0 Solidarit\u00e9, la JPA veut d&rsquo;abord mieux faire conna\u00eetre les colonies de vacances, souvent per\u00e7ues \u00e0 travers des campagnes m\u00e9diatiques o\u00f9 il n&rsquo;est gu\u00e8re question de leurs capacit\u00e9s de cr\u00e9ation et d&rsquo;innovation.<\/p>\n<p>Notre second objectif est de collecter des fonds, avec l&rsquo;aide des \u00e9tablissements scolaires pour permettre \u00e0 tous les enfants et tous les jeunes d&rsquo;y participer. Les sommes collect\u00e9es sont ensuite revers\u00e9es \u00e0 des enfants de familles modestes ou en situation de handicap. Nous nous effor\u00e7ons aussi d&rsquo;aider les familles des classes moyennes, qui n&rsquo;ont pas droit aux autres aides.<\/p>\n<p>Nous comptons sur la participation des \u00e9tablissements scolaires, \u00e9coles, coll\u00e8ges et lyc\u00e9es parce que les demandes de bourses augmentent, en m\u00eame temps que la pauvret\u00e9, et que seule l&rsquo;implication des enseignants nous permet d&rsquo;y faire face.<\/p>\n<p>&nbsp;<\/p>\n<hr \/>\n<p>&nbsp;<\/p>\n<h3>Informations compl\u00e9mentaires<\/h3>\n<ul>\n<li><strong>M. le Directeur Acad\u00e9mique\u00a0<\/strong>soutient la Campagne El\u00e8ves Solidaires.\u00a0<a href=\"http:\/\/jpa67.fr\/fr\/wp-content\/uploads\/2018\/01\/lettre_DASEN_campagneSolidaireJPA2018.pdf\">Lire la lettre<\/a>.<\/li>\n<li>La Campagne de Solidarit\u00e9 au\u00a0<a href=\"http:\/\/jpa67.fr\/fr\/wp-content\/uploads\/2016\/03\/Texte-BO-n\u00b047-du-22.12.2016-Campagne-JPA-2017.pdf\">Bulletin Officiel<\/a>\u00a0de l&rsquo;Education Nationale<\/li>\n<li><a href=\"http:\/\/jpa67.fr\/fr\/wp-content\/uploads\/2016\/03\/Attestation-assurance-campagne-JPA-2017.pdf\">L&rsquo;attestation d&rsquo;assurance<\/a><a href=\"http:\/\/jpa67.fr\/joomla\/DOCUMENTS_JPA\/campagne_solidarite\/2015-2016\/Attestation_assurance_MAIF.pdf\">\u00a0<\/a>de la JPA, qui couvre notamment les risques de la Campagne \u00c9l\u00e8ves Solidaires<\/li>\n<\/ul>\n","protected":false},"excerpt":{"rendered":"<p>Pour que tous les enfants puissent partir en colo\u00a0! Le fruit de cette collecte sert \u00e0 aider les enfants et [&hellip;]<\/p>\n","protected":false},"author":1,"featured_media":0,"parent":23,"menu_order":0,"comment_status":"closed","ping_status":"closed","template":"","meta":{"spay_email":""},"jetpack_sharing_enabled":true,"jetpack_shortlink":"https:\/\/wp.me\/P7mWfa-y","jetpack-related-posts":[{"id":123,"url":"http:\/\/jpa67.fr\/fr\/nos-actions\/la-campagne-eleves-solidaires\/campagne-de-solidarite\/","url_meta":{"origin":34,"position":0},"title":"Campagnes de Solidarit\u00e9","date":"22 mars 2016","format":false,"excerpt":"Lancement de la campagne de solidarit\u00e9 le 10 Mars 2025 , au sein de l\u2019\u00e9tablissement Lezay Marn\u00e9sia \u00e0 Strasbourg La campagne d'\u00e9ducation \u00e0 la solidarit\u00e9 et \u00e0 la citoyennet\u00e9 est lanc\u00e9e dans le Bas-Rhin !Lundi, au coll\u00e8ge Lezay Marn\u00e9sia, le Comit\u00e9 d\u00e9partemental JPA a organis\u00e9 le lancement local de notre\u00a0campagne\u2026","rel":"","context":"Article similaire","img":{"alt_text":"","src":"https:\/\/i0.wp.com\/jpa67.fr\/fr\/wp-content\/uploads\/2025\/03\/IMG_20250310_141238-1-scaled.jpg?resize=350%2C200","width":350,"height":200},"classes":[]},{"id":3050,"url":"http:\/\/jpa67.fr\/fr\/nos-volontaires-service-civique\/","url_meta":{"origin":34,"position":1},"title":"Nos volontaires service civique","date":"24 mars 2025","format":false,"excerpt":"Nos service civique \u00e0 la Jeunesse au Plein Air (JPA) m\u00e8ne des actions de sensibilisation \u00e0 la solidarit\u00e9 et \u00e0 l\u2019acc\u00e8s aux vacances pour tous les enfants. Nos interventions en classe, principalement aupr\u00e8s des CM1 et CM2, visent \u00e0 faire r\u00e9fl\u00e9chir les \u00e9l\u00e8ves sur les in\u00e9galit\u00e9s en mati\u00e8re de d\u00e9parts\u2026","rel":"","context":"Article similaire","img":{"alt_text":"","src":"https:\/\/i0.wp.com\/jpa67.fr\/fr\/wp-content\/uploads\/2025\/03\/solidarite-1.jpg?resize=350%2C200&ssl=1","width":350,"height":200},"classes":[]},{"id":144,"url":"http:\/\/jpa67.fr\/fr\/nos-actions\/la-presse-en-parle\/","url_meta":{"origin":34,"position":2},"title":"La presse en parle&#8230;","date":"22 mars 2016","format":false,"excerpt":"Retrouvez tous\u00a0les articles que la presse consacre \u00e0 nos activit\u00e9s. Pour consulter nos dossiers de presse et nos communiqu\u00e9s, rendez-vous sur la page Documents t\u00e9l\u00e9chargeables Revue\u00a0de presse Mes ann\u00e9es en colos (DNA, 28-01-2018) L'association Jeunesse au Plein Air du Bas-Rhin a lanc\u00e9 sa Campagne de Solidarit\u00e9 2018.\u00a0Lire l'article Comme un\u2026","rel":"","context":"Article similaire","img":{"alt_text":"","src":"","width":0,"height":0},"classes":[]},{"id":20,"url":"http:\/\/jpa67.fr\/fr\/la-confederation\/","url_meta":{"origin":34,"position":3},"title":"La Conf\u00e9d\u00e9ration","date":"4 mars 2016","format":false,"excerpt":"La Jeunesse au Plein Air du Bas-Rhin relaie les actions nationales de la JPA et propose des actions sp\u00e9cifiques dans le Bas-Rhin : le Centre Ressources Enfance-Jeunesse & Handicap et des manifestations en faveur des colonies de vacances. La Jeunesse au Plein Air est\u00a0partenaire des actions \u00e9ducatives de l\u2019\u00e9cole. Le\u2026","rel":"","context":"Article similaire","img":{"alt_text":"","src":"","width":0,"height":0},"classes":[]},{"id":44,"url":"http:\/\/jpa67.fr\/fr\/nos-actions\/les-colonies-de-vacances\/","url_meta":{"origin":34,"position":4},"title":"Les Colonies de Vacances","date":"4 mars 2016","format":false,"excerpt":"Les colos, c'est bon pour grandir ! Pour tous les enfants et les jeunes, les s\u00e9jours en colonies de vacances sont une occasion de s'ouvrir aux autres, d'assumer la vie en groupe et de d\u00e9couvrir d'autres activit\u00e9s. Pourquoi faciliter le\u00a0d\u00e9part en colonie de vacances? Apr\u00e8s un premier d\u00e9part en colonie\u2026","rel":"","context":"Article similaire","img":{"alt_text":"","src":"https:\/\/i0.wp.com\/jpa67.fr\/fr\/wp-content\/uploads\/2016\/08\/IMG_7057-2.jpg?resize=350%2C200","width":350,"height":200},"classes":[]},{"id":211,"url":"http:\/\/jpa67.fr\/fr\/nos-actions\/centre-ressources-enfance-jeunesse-et-handicap-ancien\/les-missions-du-centre-ressources-enfance-jeunesse-et-handicap\/","url_meta":{"origin":34,"position":5},"title":"Les missions du Centre Ressources Enfance-Jeunesse et Handicap","date":"13 mai 2016","format":false,"excerpt":"Le Centre Ressources Enfance-Jeunesse & Handicap a pour objectif et pour mission de faciliter la r\u00e9alisation du projet de vie de l\u2019enfant en situation de handicap dans les accueils de loisirs, les colonies de vacances, les activit\u00e9s sportives, culturelles\u2026 Il est au service des enfants, de leurs parents, et des\u2026","rel":"","context":"Article similaire","img":{"alt_text":"","src":"","width":0,"height":0},"classes":[]}],"_links":{"self":[{"href":"http:\/\/jpa67.fr\/fr\/wp-json\/wp\/v2\/pages\/34"}],"collection":[{"href":"http:\/\/jpa67.fr\/fr\/wp-json\/wp\/v2\/pages"}],"about":[{"href":"http:\/\/jpa67.fr\/fr\/wp-json\/wp\/v2\/types\/page"}],"author":[{"embeddable":true,"href":"http:\/\/jpa67.fr\/fr\/wp-json\/wp\/v2\/users\/1"}],"replies":[{"embeddable":true,"href":"http:\/\/jpa67.fr\/fr\/wp-json\/wp\/v2\/comments?post=34"}],"version-history":[{"count":20,"href":"http:\/\/jpa67.fr\/fr\/wp-json\/wp\/v2\/pages\/34\/revisions"}],"predecessor-version":[{"id":1072,"href":"http:\/\/jpa67.fr\/fr\/wp-json\/wp\/v2\/pages\/34\/revisions\/1072"}],"up":[{"embeddable":true,"href":"http:\/\/jpa67.fr\/fr\/wp-json\/wp\/v2\/pages\/23"}],"wp:attachment":[{"href":"http:\/\/jpa67.fr\/fr\/wp-json\/wp\/v2\/media?parent=34"}],"curies":[{"name":"wp","href":"https:\/\/api.w.org\/{rel}","templated":true}]}}

La Campagne de Solidarité 2018

<blockquote>
<h5><strong>Pour que tous les enfants puissent partir en colo !<br />
</strong>Le fruit de cette collecte sert à aider les enfants et les jeunes de milieux défavorisés ou en situation de handicap à partir en colonies de vacances.</h5>
</blockquote>
<hr />
<h3>Qu&rsquo;est-ce que la Campagne de Solidarité de la JPA ?</h3>
<h5><strong>Une action de solidarité</strong></h5>
<div id="attachment_833" style="width: 210px" class="wp-caption alignright"><a href="http://jpa67.fr/fr/wp-content/uploads/2016/03/selection-18-page-001.jpg"><img aria-describedby="caption-attachment-833" loading="lazy" class="wp-image-833 size-medium" src="http://jpa67.fr/fr/wp-content/uploads/2016/03/selection-18-page-001-200x300.jpg" alt="L'affiche de la Campagne de Solidarité 2017" width="200" height="300" srcset="http://jpa67.fr/fr/wp-content/uploads/2016/03/selection-18-page-001-200x300.jpg 200w, http://jpa67.fr/fr/wp-content/uploads/2016/03/selection-18-page-001-768x1152.jpg 768w, http://jpa67.fr/fr/wp-content/uploads/2016/03/selection-18-page-001-683x1024.jpg 683w" sizes="(max-width: 200px) 100vw, 200px" /></a><p id="caption-attachment-833" class="wp-caption-text">L&rsquo;affiche de la Campagne de Solidarité 2018</p></div>
<p>Pour les enfants et les jeunes, les colonies de vacances sont une occasion de rencontrer les autres, d&rsquo;apprendre la vie en groupe, de faire des découvertes, de devenir autonomes ou tout simplement de connaître des moments de divertissement et de détente dans une approche pédagogique différente.</p>
<p>Il est important qu&rsquo;elles soient accessibles à tous.</p>
<p>En invitant les établissements scolaires à participer à sa Campagne de  Solidarité, la JPA veut d&rsquo;abord mieux faire connaître les colonies de vacances, souvent perçues à travers des campagnes médiatiques où il n&rsquo;est guère question de leurs capacités de création et d&rsquo;innovation.</p>
<p>Notre second objectif est de collecter des fonds, avec l&rsquo;aide des établissements scolaires pour permettre à tous les enfants et tous les jeunes d&rsquo;y participer. Les sommes collectées sont ensuite reversées à des enfants de familles modestes ou en situation de handicap. Nous nous efforçons aussi d&rsquo;aider les familles des classes moyennes, qui n&rsquo;ont pas droit aux autres aides.</p>
<p>Nous comptons sur la participation des établissements scolaires, écoles, collèges et lycées parce que les demandes de bourses augmentent, en même temps que la pauvreté, et que seule l&rsquo;implication des enseignants nous permet d&rsquo;y faire face.</p>
<p>&nbsp;</p>
<hr />
<p>&nbsp;</p>
<h3>Informations complémentaires</h3>
<ul>
<li><strong>M. le Directeur Académique </strong>soutient la Campagne Elèves Solidaires. <a href="http://jpa67.fr/fr/wp-content/uploads/2018/01/lettre_DASEN_campagneSolidaireJPA2018.pdf">Lire la lettre</a>.</li>
<li>La Campagne de Solidarité au <a href="http://jpa67.fr/fr/wp-content/uploads/2016/03/Texte-BO-n°47-du-22.12.2016-Campagne-JPA-2017.pdf">Bulletin Officiel</a> de l&rsquo;Education Nationale</li>
<li><a href="http://jpa67.fr/fr/wp-content/uploads/2016/03/Attestation-assurance-campagne-JPA-2017.pdf">L&rsquo;attestation d&rsquo;assurance</a><a href="http://jpa67.fr/joomla/DOCUMENTS_JPA/campagne_solidarite/2015-2016/Attestation_assurance_MAIF.pdf"> </a>de la JPA, qui couvre notamment les risques de la Campagne Élèves Solidaires</li>
</ul>

<p>Pour que tous les enfants puissent partir en colo ! Le fruit de cette collecte sert à aider les enfants et [&hellip;]</p>

Campagnes de Solidarité

Lancement de la campagne de solidarité le 10 Mars 2025 , au sein de l’établissement Lezay Marnésia à Strasbourg La campagne d'éducation à la solidarité et à la citoyenneté est lancée dans le Bas-Rhin !Lundi, au collège Lezay Marnésia, le Comité départemental JPA a organisé le lancement local de notre campagne…

Nos service civique à la Jeunesse au Plein Air (JPA) mène des actions de sensibilisation à la solidarité et à l’accès aux vacances pour tous les enfants. Nos interventions en classe, principalement auprès des CM1 et CM2, visent à faire réfléchir les élèves sur les inégalités en matière de départs…

Retrouvez tous les articles que la presse consacre à nos activités. Pour consulter nos dossiers de presse et nos communiqués, rendez-vous sur la page Documents téléchargeables Revue de presse Mes années en colos (DNA, 28-01-2018) L'association Jeunesse au Plein Air du Bas-Rhin a lancé sa Campagne de Solidarité 2018. Lire l'article Comme un…

La Confédération

La Jeunesse au Plein Air du Bas-Rhin relaie les actions nationales de la JPA et propose des actions spécifiques dans le Bas-Rhin : le Centre Ressources Enfance-Jeunesse & Handicap et des manifestations en faveur des colonies de vacances. La Jeunesse au Plein Air est partenaire des actions éducatives de l’école. Le…

Les colos, c'est bon pour grandir ! Pour tous les enfants et les jeunes, les séjours en colonies de vacances sont une occasion de s'ouvrir aux autres, d'assumer la vie en groupe et de découvrir d'autres activités. Pourquoi faciliter le départ en colonie de vacances? Après un premier départ en colonie…

Le Centre Ressources Enfance-Jeunesse & Handicap a pour objectif et pour mission de faciliter la réalisation du projet de vie de l’enfant en situation de handicap dans les accueils de loisirs, les colonies de vacances, les activités sportives, culturelles… Il est au service des enfants, de leurs parents, et des…
