{"id":44,"date":"2016-03-04T11:30:18","date_gmt":"2016-03-04T10:30:18","guid":{"rendered":"http:\/\/jpa67.fr\/fr\/?page_id=44"},"modified":"2016-09-03T08:34:21","modified_gmt":"2016-09-03T07:34:21","slug":"les-colonies-de-vacances","status":"publish","type":"page","link":"http:\/\/jpa67.fr\/fr\/nos-actions\/les-colonies-de-vacances\/","title":{"rendered":"Les Colonies de Vacances"},"content":{"rendered":"<blockquote>\n<h5><strong>Les colos, c&rsquo;est bon pour grandir !<\/strong><br \/>\nPour tous les enfants et les jeunes, les s\u00e9jours en colonies de vacances sont une occasion de s&rsquo;ouvrir aux autres, d&rsquo;assumer la vie en groupe et de d\u00e9couvrir d&rsquo;autres activit\u00e9s.<\/h5>\n<\/blockquote>\n<hr \/>\n<h3><strong>Pourquoi faciliter le\u00a0d\u00e9part en colonie de vacances?<\/strong><\/h3>\n<p><a href=\"http:\/\/jpa67.fr\/fr\/wp-content\/uploads\/2016\/03\/children-911286_1920.jpg\" rel=\"attachment wp-att-76\"><img loading=\"lazy\" class=\"alignright size-medium wp-image-76\" src=\"http:\/\/jpa67.fr\/fr\/wp-content\/uploads\/2016\/03\/children-911286_1920-300x200.jpg\" alt=\"children-911286_1920\" width=\"300\" height=\"200\" srcset=\"http:\/\/jpa67.fr\/fr\/wp-content\/uploads\/2016\/03\/children-911286_1920-300x200.jpg 300w, http:\/\/jpa67.fr\/fr\/wp-content\/uploads\/2016\/03\/children-911286_1920-768x513.jpg 768w, http:\/\/jpa67.fr\/fr\/wp-content\/uploads\/2016\/03\/children-911286_1920-1024x684.jpg 1024w, http:\/\/jpa67.fr\/fr\/wp-content\/uploads\/2016\/03\/children-911286_1920-272x182.jpg 272w, http:\/\/jpa67.fr\/fr\/wp-content\/uploads\/2016\/03\/children-911286_1920.jpg 1920w\" sizes=\"(max-width: 300px) 100vw, 300px\" \/><\/a>Apr\u00e8s un premier d\u00e9part en colonie de vacances, 91% des enfants et des adolescents d\u00e9clarent qu&rsquo;ils se sont amus\u00e9s pendant leur s\u00e9jour. 63% des parents souhaitent reconduire cette exp\u00e9rience (d&rsquo;apr\u00e8s une enqu\u00eate r\u00e9alis\u00e9e pour la JPA par l&rsquo;Agence Harriss Interactive).<\/p>\n<p>Les familles h\u00e9sitent parfois \u00e0 franchir le pas. Co\u00fbt trop \u00e9lev\u00e9, craintes entra\u00een\u00e9es par la m\u00e9diatisation de quelques faits divers, manque d&rsquo;information.<\/p>\n<hr \/>\n<p>&nbsp;<\/p>\n<h3><strong>Ce que peut apporter la Jeunesse au Plein Air<\/strong><\/h3>\n<p>Elle apporte son expertise et son exp\u00e9rience pour permettre aux enfants et aux jeunes de profiter des colonies de vacances.<\/p>\n<h4>Faire conna\u00eetre les colonies de vacances<\/h4>\n<p>La collecte que nous organisons dans les \u00e9coles chaque ann\u00e9e vise \u00e0 en d\u00e9velopper la notori\u00e9t\u00e9 et l&rsquo;image.<\/p>\n<p>C&rsquo;est le but aussi d&rsquo;une journ\u00e9e comme\u00a0 \u00ab\u00a0Cap sur les colos!\u00a0\u00bb, qui s&rsquo;est tenue le 13 mars 2015 et qui a permis notamment \u00e0 des enfants et des jeunes de gagner des s\u00e9jours gratuits.<\/p>\n<h4>Rep\u00e9rer les enfants b\u00e9n\u00e9ficiaires<\/h4>\n<ul>\n<li>Nous contribuons \u00e0 la diffusion des catalogues de s\u00e9jours propos\u00e9s par les associations organisatrices qui font partie de notre conf\u00e9d\u00e9ration.<\/li>\n<li>Ces associations nous signalent souvent des familles qui ont besoin d&rsquo;aide.<\/li>\n<li>Nous entrons en contact avec d&rsquo;autres familles gr\u00e2ce \u00e0 nos relations avec les travailleurs sociaux et des associations partenaires comme le Secours Populaire ou les Restos du C\u0153ur.<\/li>\n<\/ul>\n<h4>Encourager les familles des enfants et des jeunes et les aider dans les d\u00e9marches d&rsquo;inscription<\/h4>\n<h4>Contribuer au financement<\/h4>\n<ul>\n<li>Versement d&rsquo;une aide apr\u00e8s que d&rsquo;autres partenaires ont accord\u00e9 la leur. Ces aides sont apport\u00e9es en fonction du quotient familial (plafonn\u00e9 actuellement \u00e0 1200)<\/li>\n<li>Recherche de partenaires financiers : CAF, associations caritatives, entreprises m\u00e9c\u00e8nes<\/li>\n<\/ul>\n<h4>Donner aux enfants en situation de handicap les m\u00eames chances qu&rsquo;aux autres enfants<\/h4>\n<p>C&rsquo;est une des missions de l&rsquo;Espace Ressources Loisirs et Handicap.<\/p>\n<h4 style=\"text-align: left;\">Consultez l&rsquo;article<a href=\"http:\/\/jpa67.fr\/fr\/les-colos-2016-en-images\/\"> \u00ab\u00a0Les colos 2016 en images\u00a0\u00bb<\/a>.<\/h4>\n<p><a href=\"http:\/\/jpa67.fr\/fr\/wp-content\/uploads\/2016\/08\/IMG_7057-2.jpg\"><img loading=\"lazy\" class=\"aligncenter wp-image-409 size-full\" src=\"http:\/\/jpa67.fr\/fr\/wp-content\/uploads\/2016\/08\/IMG_7057-2.jpg\" alt=\"IMG_7057 (2)\" width=\"1600\" height=\"1224\" srcset=\"http:\/\/jpa67.fr\/fr\/wp-content\/uploads\/2016\/08\/IMG_7057-2.jpg 1600w, http:\/\/jpa67.fr\/fr\/wp-content\/uploads\/2016\/08\/IMG_7057-2-300x230.jpg 300w, http:\/\/jpa67.fr\/fr\/wp-content\/uploads\/2016\/08\/IMG_7057-2-768x588.jpg 768w, http:\/\/jpa67.fr\/fr\/wp-content\/uploads\/2016\/08\/IMG_7057-2-1024x783.jpg 1024w\" sizes=\"(max-width: 1600px) 100vw, 1600px\" \/><\/a><\/p>\n","protected":false},"excerpt":{"rendered":"<p>Les colos, c&rsquo;est bon pour grandir ! Pour tous les enfants et les jeunes, les s\u00e9jours en colonies de vacances [&hellip;]<\/p>\n","protected":false},"author":1,"featured_media":0,"parent":23,"menu_order":0,"comment_status":"closed","ping_status":"closed","template":"","meta":{"spay_email":""},"jetpack_sharing_enabled":true,"jetpack_shortlink":"https:\/\/wp.me\/P7mWfa-I","jetpack-related-posts":[{"id":20,"url":"http:\/\/jpa67.fr\/fr\/la-confederation\/","url_meta":{"origin":44,"position":0},"title":"La Conf\u00e9d\u00e9ration","date":"4 mars 2016","format":false,"excerpt":"La Jeunesse au Plein Air du Bas-Rhin relaie les actions nationales de la JPA et propose des actions sp\u00e9cifiques dans le Bas-Rhin : le Centre Ressources Enfance-Jeunesse & Handicap et des manifestations en faveur des colonies de vacances. La Jeunesse au Plein Air est\u00a0partenaire des actions \u00e9ducatives de l\u2019\u00e9cole. Le\u2026","rel":"","context":"Article similaire","img":{"alt_text":"","src":"","width":0,"height":0},"classes":[]},{"id":144,"url":"http:\/\/jpa67.fr\/fr\/nos-actions\/la-presse-en-parle\/","url_meta":{"origin":44,"position":1},"title":"La presse en parle&#8230;","date":"22 mars 2016","format":false,"excerpt":"Retrouvez tous\u00a0les articles que la presse consacre \u00e0 nos activit\u00e9s. Pour consulter nos dossiers de presse et nos communiqu\u00e9s, rendez-vous sur la page Documents t\u00e9l\u00e9chargeables Revue\u00a0de presse Mes ann\u00e9es en colos (DNA, 28-01-2018) L'association Jeunesse au Plein Air du Bas-Rhin a lanc\u00e9 sa Campagne de Solidarit\u00e9 2018.\u00a0Lire l'article Comme un\u2026","rel":"","context":"Article similaire","img":{"alt_text":"","src":"","width":0,"height":0},"classes":[]},{"id":34,"url":"http:\/\/jpa67.fr\/fr\/nos-actions\/la-campagne-eleves-solidaires\/","url_meta":{"origin":44,"position":2},"title":"La Campagne de Solidarit\u00e9 2018","date":"4 mars 2016","format":false,"excerpt":"Pour que tous les enfants puissent partir en colo\u00a0! Le fruit de cette collecte sert \u00e0 aider les enfants et les jeunes de milieux d\u00e9favoris\u00e9s ou en situation de handicap \u00e0 partir en colonies de vacances. Qu'est-ce que la Campagne de Solidarit\u00e9 de la JPA ? Une action de solidarit\u00e9\u2026","rel":"","context":"Article similaire","img":{"alt_text":"","src":"https:\/\/i0.wp.com\/jpa67.fr\/fr\/wp-content\/uploads\/2016\/03\/selection-18-page-001-200x300.jpg?resize=350%2C200","width":350,"height":200},"classes":[]},{"id":211,"url":"http:\/\/jpa67.fr\/fr\/nos-actions\/centre-ressources-enfance-jeunesse-et-handicap-ancien\/les-missions-du-centre-ressources-enfance-jeunesse-et-handicap\/","url_meta":{"origin":44,"position":3},"title":"Les missions du Centre Ressources Enfance-Jeunesse et Handicap","date":"13 mai 2016","format":false,"excerpt":"Le Centre Ressources Enfance-Jeunesse & Handicap a pour objectif et pour mission de faciliter la r\u00e9alisation du projet de vie de l\u2019enfant en situation de handicap dans les accueils de loisirs, les colonies de vacances, les activit\u00e9s sportives, culturelles\u2026 Il est au service des enfants, de leurs parents, et des\u2026","rel":"","context":"Article similaire","img":{"alt_text":"","src":"","width":0,"height":0},"classes":[]},{"id":1132,"url":"http:\/\/jpa67.fr\/fr\/nos-actions\/centre-ressources-enfance-jeunesse-et-handicap\/aide-a-linclusion\/","url_meta":{"origin":44,"position":4},"title":"Aide \u00e0 l&rsquo;inclusion","date":"26 janvier 2018","format":false,"excerpt":"\u00a0 LE CADRE L\u00c9GAL ET NOTRE D\u00c9MARCHE Le droit aux loisirs est inscrit dans la Convention Internationale des Droits de l\u2019Enfant (article 31). Depuis le 30 juin 1975, le droit aux vacances et aux loisirs pour les personnes en situation de handicap est reconnu par la loi fran\u00e7aise. Pourtant, organisateurs,\u2026","rel":"","context":"Article similaire","img":{"alt_text":"","src":"","width":0,"height":0},"classes":[]},{"id":123,"url":"http:\/\/jpa67.fr\/fr\/nos-actions\/la-campagne-eleves-solidaires\/campagne-de-solidarite\/","url_meta":{"origin":44,"position":5},"title":"Campagnes de Solidarit\u00e9","date":"22 mars 2016","format":false,"excerpt":"Lancement de la campagne de solidarit\u00e9 le 10 Mars 2025 , au sein de l\u2019\u00e9tablissement Lezay Marn\u00e9sia \u00e0 Strasbourg La campagne d'\u00e9ducation \u00e0 la solidarit\u00e9 et \u00e0 la citoyennet\u00e9 est lanc\u00e9e dans le Bas-Rhin !Lundi, au coll\u00e8ge Lezay Marn\u00e9sia, le Comit\u00e9 d\u00e9partemental JPA a organis\u00e9 le lancement local de notre\u00a0campagne\u2026","rel":"","context":"Article similaire","img":{"alt_text":"","src":"https:\/\/i0.wp.com\/jpa67.fr\/fr\/wp-content\/uploads\/2025\/03\/IMG_20250310_141238-1-scaled.jpg?resize=350%2C200","width":350,"height":200},"classes":[]}],"_links":{"self":[{"href":"http:\/\/jpa67.fr\/fr\/wp-json\/wp\/v2\/pages\/44"}],"collection":[{"href":"http:\/\/jpa67.fr\/fr\/wp-json\/wp\/v2\/pages"}],"about":[{"href":"http:\/\/jpa67.fr\/fr\/wp-json\/wp\/v2\/types\/page"}],"author":[{"embeddable":true,"href":"http:\/\/jpa67.fr\/fr\/wp-json\/wp\/v2\/users\/1"}],"replies":[{"embeddable":true,"href":"http:\/\/jpa67.fr\/fr\/wp-json\/wp\/v2\/comments?post=44"}],"version-history":[{"count":17,"href":"http:\/\/jpa67.fr\/fr\/wp-json\/wp\/v2\/pages\/44\/revisions"}],"predecessor-version":[{"id":527,"href":"http:\/\/jpa67.fr\/fr\/wp-json\/wp\/v2\/pages\/44\/revisions\/527"}],"up":[{"embeddable":true,"href":"http:\/\/jpa67.fr\/fr\/wp-json\/wp\/v2\/pages\/23"}],"wp:attachment":[{"href":"http:\/\/jpa67.fr\/fr\/wp-json\/wp\/v2\/media?parent=44"}],"curies":[{"name":"wp","href":"https:\/\/api.w.org\/{rel}","templated":true}]}}

<blockquote>
<h5><strong>Les colos, c&rsquo;est bon pour grandir !</strong><br />
Pour tous les enfants et les jeunes, les séjours en colonies de vacances sont une occasion de s&rsquo;ouvrir aux autres, d&rsquo;assumer la vie en groupe et de découvrir d&rsquo;autres activités.</h5>
</blockquote>
<hr />
<h3><strong>Pourquoi faciliter le départ en colonie de vacances?</strong></h3>
<p><a href="http://jpa67.fr/fr/wp-content/uploads/2016/03/children-911286_1920.jpg" rel="attachment wp-att-76"><img loading="lazy" class="alignright size-medium wp-image-76" src="http://jpa67.fr/fr/wp-content/uploads/2016/03/children-911286_1920-300x200.jpg" alt="children-911286_1920" width="300" height="200" srcset="http://jpa67.fr/fr/wp-content/uploads/2016/03/children-911286_1920-300x200.jpg 300w, http://jpa67.fr/fr/wp-content/uploads/2016/03/children-911286_1920-768x513.jpg 768w, http://jpa67.fr/fr/wp-content/uploads/2016/03/children-911286_1920-1024x684.jpg 1024w, http://jpa67.fr/fr/wp-content/uploads/2016/03/children-911286_1920-272x182.jpg 272w, http://jpa67.fr/fr/wp-content/uploads/2016/03/children-911286_1920.jpg 1920w" sizes="(max-width: 300px) 100vw, 300px" /></a>Après un premier départ en colonie de vacances, 91% des enfants et des adolescents déclarent qu&rsquo;ils se sont amusés pendant leur séjour. 63% des parents souhaitent reconduire cette expérience (d&rsquo;après une enquête réalisée pour la JPA par l&rsquo;Agence Harriss Interactive).</p>
<p>Les familles hésitent parfois à franchir le pas. Coût trop élevé, craintes entraînées par la médiatisation de quelques faits divers, manque d&rsquo;information.</p>
<hr />
<p>&nbsp;</p>
<h3><strong>Ce que peut apporter la Jeunesse au Plein Air</strong></h3>
<p>Elle apporte son expertise et son expérience pour permettre aux enfants et aux jeunes de profiter des colonies de vacances.</p>
<h4>Faire connaître les colonies de vacances</h4>
<p>La collecte que nous organisons dans les écoles chaque année vise à en développer la notoriété et l&rsquo;image.</p>
<p>C&rsquo;est le but aussi d&rsquo;une journée comme  « Cap sur les colos! », qui s&rsquo;est tenue le 13 mars 2015 et qui a permis notamment à des enfants et des jeunes de gagner des séjours gratuits.</p>
<h4>Repérer les enfants bénéficiaires</h4>
<ul>
<li>Nous contribuons à la diffusion des catalogues de séjours proposés par les associations organisatrices qui font partie de notre confédération.</li>
<li>Ces associations nous signalent souvent des familles qui ont besoin d&rsquo;aide.</li>
<li>Nous entrons en contact avec d&rsquo;autres familles grâce à nos relations avec les travailleurs sociaux et des associations partenaires comme le Secours Populaire ou les Restos du Cœur.</li>
</ul>
<h4>Encourager les familles des enfants et des jeunes et les aider dans les démarches d&rsquo;inscription</h4>
<h4>Contribuer au financement</h4>
<ul>
<li>Versement d&rsquo;une aide après que d&rsquo;autres partenaires ont accordé la leur. Ces aides sont apportées en fonction du quotient familial (plafonné actuellement à 1200)</li>
<li>Recherche de partenaires financiers : CAF, associations caritatives, entreprises mécènes</li>
</ul>
<h4>Donner aux enfants en situation de handicap les mêmes chances qu&rsquo;aux autres enfants</h4>
<p>C&rsquo;est une des missions de l&rsquo;Espace Ressources Loisirs et Handicap.</p>
<h4 style="text-align: left;">Consultez l&rsquo;article<a href="http://jpa67.fr/fr/les-colos-2016-en-images/"> « Les colos 2016 en images »</a>.</h4>
<p><a href="http://jpa67.fr/fr/wp-content/uploads/2016/08/IMG_7057-2.jpg"><img loading="lazy" class="aligncenter wp-image-409 size-full" src="http://jpa67.fr/fr/wp-content/uploads/2016/08/IMG_7057-2.jpg" alt="IMG_7057 (2)" width="1600" height="1224" srcset="http://jpa67.fr/fr/wp-content/uploads/2016/08/IMG_7057-2.jpg 1600w, http://jpa67.fr/fr/wp-content/uploads/2016/08/IMG_7057-2-300x230.jpg 300w, http://jpa67.fr/fr/wp-content/uploads/2016/08/IMG_7057-2-768x588.jpg 768w, http://jpa67.fr/fr/wp-content/uploads/2016/08/IMG_7057-2-1024x783.jpg 1024w" sizes="(max-width: 1600px) 100vw, 1600px" /></a></p>

<p>Les colos, c&rsquo;est bon pour grandir ! Pour tous les enfants et les jeunes, les séjours en colonies de vacances [&hellip;]</p>

La Confédération

La Jeunesse au Plein Air du Bas-Rhin relaie les actions nationales de la JPA et propose des actions spécifiques dans le Bas-Rhin : le Centre Ressources Enfance-Jeunesse & Handicap et des manifestations en faveur des colonies de vacances. La Jeunesse au Plein Air est partenaire des actions éducatives de l’école. Le…

Retrouvez tous les articles que la presse consacre à nos activités. Pour consulter nos dossiers de presse et nos communiqués, rendez-vous sur la page Documents téléchargeables Revue de presse Mes années en colos (DNA, 28-01-2018) L'association Jeunesse au Plein Air du Bas-Rhin a lancé sa Campagne de Solidarité 2018. Lire l'article Comme un…

La Campagne de Solidarité 2018

Pour que tous les enfants puissent partir en colo ! Le fruit de cette collecte sert à aider les enfants et les jeunes de milieux défavorisés ou en situation de handicap à partir en colonies de vacances. Qu'est-ce que la Campagne de Solidarité de la JPA ? Une action de solidarité…

Le Centre Ressources Enfance-Jeunesse & Handicap a pour objectif et pour mission de faciliter la réalisation du projet de vie de l’enfant en situation de handicap dans les accueils de loisirs, les colonies de vacances, les activités sportives, culturelles… Il est au service des enfants, de leurs parents, et des…

Aide à l&rsquo;inclusion

LE CADRE LÉGAL ET NOTRE DÉMARCHE Le droit aux loisirs est inscrit dans la Convention Internationale des Droits de l’Enfant (article 31). Depuis le 30 juin 1975, le droit aux vacances et aux loisirs pour les personnes en situation de handicap est reconnu par la loi française. Pourtant, organisateurs,…

Campagnes de Solidarité

Lancement de la campagne de solidarité le 10 Mars 2025 , au sein de l’établissement Lezay Marnésia à Strasbourg La campagne d'éducation à la solidarité et à la citoyenneté est lancée dans le Bas-Rhin !Lundi, au collège Lezay Marnésia, le Comité départemental JPA a organisé le lancement local de notre campagne…
