{"id":1960,"date":"2022-08-19T11:25:06","date_gmt":"2022-08-19T09:25:06","guid":{"rendered":"https:\/\/jpa67.fr\/crejh\/?page_id=1960"},"modified":"2024-10-01T10:57:17","modified_gmt":"2024-10-01T08:57:17","slug":"accompagnement-du-crejh","status":"publish","type":"page","link":"https:\/\/jpa67.fr\/crejh\/accompagnement-du-crejh\/","title":{"rendered":"Accompagnement du CREJH"},"content":{"rendered":"\t\t<div data-elementor-type=\"wp-page\" data-elementor-id=\"1960\" class=\"elementor elementor-1960\" data-elementor-post-type=\"page\">\n\t\t\t\t\t\t<section class=\"elementor-section elementor-top-section elementor-element elementor-element-f390704 elementor-section-height-min-height elementor-section-boxed elementor-section-height-default elementor-section-items-middle\" data-id=\"f390704\" data-element_type=\"section\" data-settings=\"{&quot;background_background&quot;:&quot;classic&quot;,&quot;shape_divider_bottom&quot;:&quot;pyramids&quot;,&quot;shape_divider_bottom_negative&quot;:&quot;yes&quot;}\">\n\t\t\t\t\t\t\t<div class=\"elementor-background-overlay\"><\/div>\n\t\t\t\t\t\t<div class=\"elementor-shape elementor-shape-bottom\" data-negative=\"true\">\n\t\t\t<svg xmlns=\"http:\/\/www.w3.org\/2000\/svg\" viewBox=\"0 0 1000 100\" preserveAspectRatio=\"none\">\n\t<path class=\"elementor-shape-fill\" d=\"M761.9,40.6L643.1,24L333.9,93.8L0.1,1H0v99h1000V1\"\/>\n<\/svg>\t\t<\/div>\n\t\t\t\t\t<div class=\"elementor-container elementor-column-gap-default\">\n\t\t\t\t\t<div class=\"elementor-column elementor-col-100 elementor-top-column elementor-element elementor-element-4c3d089\" data-id=\"4c3d089\" data-element_type=\"column\" data-settings=\"{&quot;background_background&quot;:&quot;classic&quot;}\">\n\t\t\t<div class=\"elementor-widget-wrap elementor-element-populated\">\n\t\t\t\t\t\t<div class=\"elementor-element elementor-element-9e34f04 elementor-widget elementor-widget-heading\" data-id=\"9e34f04\" data-element_type=\"widget\" data-widget_type=\"heading.default\">\n\t\t\t\t<div class=\"elementor-widget-container\">\n\t\t\t<h2 class=\"elementor-heading-title elementor-size-default\">Accompagnement du Centre Ressources<\/h2>\t\t<\/div>\n\t\t\t\t<\/div>\n\t\t\t\t\t<\/div>\n\t\t<\/div>\n\t\t\t\t\t<\/div>\n\t\t<\/section>\n\t\t\t\t<section class=\"elementor-section elementor-top-section elementor-element elementor-element-44c50ce elementor-section-boxed elementor-section-height-default elementor-section-height-default\" data-id=\"44c50ce\" data-element_type=\"section\">\n\t\t\t\t\t\t<div class=\"elementor-container elementor-column-gap-default\">\n\t\t\t\t\t<div class=\"elementor-column elementor-col-100 elementor-top-column elementor-element elementor-element-0f4e7b5\" data-id=\"0f4e7b5\" data-element_type=\"column\">\n\t\t\t<div class=\"elementor-widget-wrap elementor-element-populated\">\n\t\t\t\t\t\t<div class=\"elementor-element elementor-element-ab090fc elementor-widget elementor-widget-spacer\" data-id=\"ab090fc\" data-element_type=\"widget\" data-widget_type=\"spacer.default\">\n\t\t\t\t<div class=\"elementor-widget-container\">\n\t\t\t\t\t<div class=\"elementor-spacer\">\n\t\t\t<div class=\"elementor-spacer-inner\"><\/div>\n\t\t<\/div>\n\t\t\t\t<\/div>\n\t\t\t\t<\/div>\n\t\t\t\t<div class=\"elementor-element elementor-element-a45b55e elementor-blockquote--skin-border elementor-blockquote--button-color-official elementor-widget elementor-widget-blockquote\" data-id=\"a45b55e\" data-element_type=\"widget\" data-widget_type=\"blockquote.default\">\n\t\t\t\t<div class=\"elementor-widget-container\">\n\t\t\t\t\t<blockquote class=\"elementor-blockquote\">\n\t\t\t<p class=\"elementor-blockquote__content\">\n\t\t\t\tConstitue un handicap, au sens de la pr\u00e9sente loi, toute limitation d'activit\u00e9 ou restriction de participation \u00e0 la vie en soci\u00e9t\u00e9 subie dans son environnement par une personne en raison d'une alt\u00e9ration substantielle, durable ou d\u00e9finitive d'une ou plusieurs fonctions physiques, sensorielles, mentales, cognitives ou psychiques, d'un polyhandicap ou d'un trouble de sant\u00e9 invalidant.\n<br><br>\nToute personne handicap\u00e9e a droit \u00e0 la solidarit\u00e9 de l'ensemble de la collectivit\u00e9 nationale, qui lui garantit, en vertu de cette obligation, l'acc\u00e8s aux droits fondamentaux reconnus \u00e0 tous les citoyens ainsi que le plein exercice de sa citoyennet\u00e9.\n<br>\nL'Etat est garant de l'\u00e9galit\u00e9 de traitement des personnes handicap\u00e9es sur l'ensemble du territoire et d\u00e9finit des objectifs pluriannuels d'actions.\t\t\t<\/p>\n\t\t\t\t\t\t\t<div class=\"e-q-footer\">\n\t\t\t\t\t\t\t\t\t\t\t<cite class=\"elementor-blockquote__author\">Loi de 2005 - Articles L114 - L114.1<\/cite>\n\t\t\t\t\t\t\t\t\t\t\t\t\t\t<\/div>\n\t\t\t\t\t<\/blockquote>\n\t\t\t\t<\/div>\n\t\t\t\t<\/div>\n\t\t\t\t<div class=\"elementor-element elementor-element-045d5df elementor-widget elementor-widget-text-editor\" data-id=\"045d5df\" data-element_type=\"widget\" data-widget_type=\"text-editor.default\">\n\t\t\t\t<div class=\"elementor-widget-container\">\n\t\t\t\t\t\t\t<p>La loi du 11 f\u00e9vrier 2005 sur l\u2019\u00e9galit\u00e9 des droits et des chances des personnes handicap\u00e9es contient trois principes forts :<\/p><ul><li>L\u2019accessibilit\u00e9 g\u00e9n\u00e9ralis\u00e9e pour tous les domaines de la vie sociale<\/li><li>Le droit \u00e0 compensation des cons\u00e9quences du handicap<\/li><li>La cr\u00e9ation des Maisons D\u00e9partementales des Personnes Handicap\u00e9es (MDPH).<\/li><\/ul><p>Cette loi vise ainsi \u00e0 donner acc\u00e8s \u00e0 des enfants et adolescents en situation de handicap \u00e0 l\u2019ensemble des diff\u00e9rentes structures ou services.<\/p><p>Or, comme tous les parents, les parents d\u2019enfants en situation de handicap sont confront\u00e9s d\u00e8s l\u2019annonce du handicap au probl\u00e8me de l\u2019accueil de leur enfant lorsqu\u2019ils envisagent de reprendre une activit\u00e9 professionnelle, de disposer de leur temps libre pour engager des d\u00e9marches ou simplement de favoriser la socialisation et l\u2019accueil de leur enfant dans la collectivit\u00e9.<\/p><p>D\u2019une mani\u00e8re g\u00e9n\u00e9rale, les structures dans lesquelles l\u2019accueil des enfants en situation de handicap s\u2019effectue de mani\u00e8re satisfaisante sont celles dont le projet d\u2019accueil permet de prendre en compte les attentes des familles et les sp\u00e9cificit\u00e9s des besoins de leurs enfants.<\/p><p>Pour ce faire, les structures d\u2019accueil doivent se pr\u00e9parer au mieux pour appr\u00e9hender de mani\u00e8re optimale l\u2019accueil d\u2019enfants en situation de handicap. Ainsi un accueil de loisirs doit s\u2019appuyer sur un projet \u00e9ducatif fort, partag\u00e9 avec d\u2019autres partenaires, au premier rang desquels se trouvent les parents.<\/p>\t\t\t\t\t\t<\/div>\n\t\t\t\t<\/div>\n\t\t\t\t<div class=\"elementor-element elementor-element-edc0fa3 elementor-widget elementor-widget-heading\" data-id=\"edc0fa3\" data-element_type=\"widget\" data-widget_type=\"heading.default\">\n\t\t\t\t<div class=\"elementor-widget-container\">\n\t\t\t<h2 class=\"elementor-heading-title elementor-size-default\">La demande<\/h2>\t\t<\/div>\n\t\t\t\t<\/div>\n\t\t\t\t<div class=\"elementor-element elementor-element-2684c49 elementor-widget elementor-widget-text-editor\" data-id=\"2684c49\" data-element_type=\"widget\" data-widget_type=\"text-editor.default\">\n\t\t\t\t<div class=\"elementor-widget-container\">\n\t\t\t\t\t\t\t<p>Que la demande \u00e9mane d\u2019une famille ou d\u2019un professionnel, nous mettons en place une premi\u00e8re rencontre (\u00ab l\u2019\u00c9quipe de Suivi du Loisir \u00bb). Cette rencontre permet de cibler les besoins des parents, de l\u2019enfant et de d\u00e9finir les adaptations qui devront \u00eatre mise en place pour l\u2019accueil.<\/p><p>Le \u00ab Recueil d&rsquo;Information \u00bb (RI) du CREJH est \u00e0 remplir avant la r\u00e9union de pr\u00e9paration par la famille (<a href=\"https:\/\/jpa67.fr\/crejh\/wp-content\/uploads\/2024\/10\/RI-CREJH-2024.pdf\" target=\"_blank\" rel=\"noopener\">t\u00e9l\u00e9charger le RI<\/a>). Il sera utilis\u00e9 afin de mettre en place les adaptations n\u00e9cessaires au bon accueil de votre enfant au sein de la structure de loisirs que vous aurez choisi.<\/p>\t\t\t\t\t\t<\/div>\n\t\t\t\t<\/div>\n\t\t\t\t<div class=\"elementor-element elementor-element-db93690 elementor-widget elementor-widget-heading\" data-id=\"db93690\" data-element_type=\"widget\" data-widget_type=\"heading.default\">\n\t\t\t\t<div class=\"elementor-widget-container\">\n\t\t\t<h2 class=\"elementor-heading-title elementor-size-default\">L' accompagnement <\/h2>\t\t<\/div>\n\t\t\t\t<\/div>\n\t\t\t\t<div class=\"elementor-element elementor-element-2ef731f elementor-widget elementor-widget-text-editor\" data-id=\"2ef731f\" data-element_type=\"widget\" data-widget_type=\"text-editor.default\">\n\t\t\t\t<div class=\"elementor-widget-container\">\n\t\t\t\t\t\t\t<p>La mission d\u2019accompagnement du CREJH peut prendre plusieurs formes.<\/p><p>De nombreuses difficult\u00e9s et freins sont issus de repr\u00e9sentations. La crainte d\u2019une surcharge de travail insurmontable, le manque de comp\u00e9tences des animateurs, la crainte de provoquer des afflux de demandes suppl\u00e9mentaires, la peur de ne pas savoir comment r\u00e9agir, de mal faire, sont quelques-unes d\u2019entre elles.<\/p><ul><li>S\u00e9ances gratuites dont l\u2019objectif est de sensibiliser \u00e0 l\u2019accueil des enfants en situation de handicap.<\/li><li>Observation sur un temps d&rsquo;accueil afin de vous accompagner \u00e0 l\u2019adaptation de vos activit\u00e9s ou autres.<\/li><li>Nous proposons aussi en pr\u00eat divers outils (livres, jeux, jouets, \u2026) p\u00e9dagogiques \u00e0 destination des enfants mais aussi des animateurs. Ils permettent d\u2019en apprendre plus sur le handicap mais aussi de sensibiliser les enfants \u00e0 la diff\u00e9rence. Vous trouverez la liste en suivant ce lien :\u00a0 <a href=\"https:\/\/jpa67.fr\/crejh\/ressources\/\" target=\"_blank\" rel=\"noopener\"><u>Page Ressources<\/u><\/a><\/li><\/ul>\t\t\t\t\t\t<\/div>\n\t\t\t\t<\/div>\n\t\t\t\t\t<\/div>\n\t\t<\/div>\n\t\t\t\t\t<\/div>\n\t\t<\/section>\n\t\t\t\t<section class=\"elementor-section elementor-top-section elementor-element elementor-element-8c44633 elementor-section-boxed elementor-section-height-default elementor-section-height-default\" data-id=\"8c44633\" data-element_type=\"section\">\n\t\t\t\t\t\t<div class=\"elementor-container elementor-column-gap-default\">\n\t\t\t\t\t<div class=\"elementor-column elementor-col-100 elementor-top-column elementor-element elementor-element-4170f0c\" data-id=\"4170f0c\" data-element_type=\"column\">\n\t\t\t<div class=\"elementor-widget-wrap elementor-element-populated\">\n\t\t\t\t\t\t<div class=\"elementor-element elementor-element-89f7b7c elementor-widget elementor-widget-heading\" data-id=\"89f7b7c\" data-element_type=\"widget\" data-widget_type=\"heading.default\">\n\t\t\t\t<div class=\"elementor-widget-container\">\n\t\t\t<h2 class=\"elementor-heading-title elementor-size-default\">Plus de renseignements<\/h2>\t\t<\/div>\n\t\t\t\t<\/div>\n\t\t\t\t<section class=\"elementor-section elementor-inner-section elementor-element elementor-element-8150ecb elementor-section-boxed elementor-section-height-default elementor-section-height-default\" data-id=\"8150ecb\" data-element_type=\"section\">\n\t\t\t\t\t\t<div class=\"elementor-container elementor-column-gap-default\">\n\t\t\t\t\t<div class=\"elementor-column elementor-col-100 elementor-inner-column elementor-element elementor-element-fd2e69a\" data-id=\"fd2e69a\" data-element_type=\"column\">\n\t\t\t<div class=\"elementor-widget-wrap elementor-element-populated\">\n\t\t\t\t\t\t<div class=\"elementor-element elementor-element-d5033f5 elementor-widget elementor-widget-text-editor\" data-id=\"d5033f5\" data-element_type=\"widget\" data-widget_type=\"text-editor.default\">\n\t\t\t\t<div class=\"elementor-widget-container\">\n\t\t\t\t\t\t\t<p><span style=\"color: var( --e-global-color-text ); background-color: var( --e-global-color-485f6218 );\">Contacter <\/span><strong style=\"color: var( --e-global-color-text ); background-color: var( --e-global-color-485f6218 );\">Arnaud REBOUILLAT :<\/strong><\/p>\t\t\t\t\t\t<\/div>\n\t\t\t\t<\/div>\n\t\t\t\t<div class=\"elementor-element elementor-element-50717cf elementor-align-left elementor-icon-list--layout-traditional elementor-list-item-link-full_width elementor-widget elementor-widget-icon-list\" data-id=\"50717cf\" data-element_type=\"widget\" data-widget_type=\"icon-list.default\">\n\t\t\t\t<div class=\"elementor-widget-container\">\n\t\t\t\t\t<ul class=\"elementor-icon-list-items\">\n\t\t\t\t\t\t\t<li class=\"elementor-icon-list-item\">\n\t\t\t\t\t\t\t\t\t\t\t<span class=\"elementor-icon-list-icon\">\n\t\t\t\t\t\t\t<i aria-hidden=\"true\" class=\"fas fa-phone-alt\"><\/i>\t\t\t\t\t\t<\/span>\n\t\t\t\t\t\t\t\t\t\t<span class=\"elementor-icon-list-text\">07 57 57 63 86<\/span>\n\t\t\t\t\t\t\t\t\t<\/li>\n\t\t\t\t\t\t\t\t<li class=\"elementor-icon-list-item\">\n\t\t\t\t\t\t\t\t\t\t\t<span class=\"elementor-icon-list-icon\">\n\t\t\t\t\t\t\t<i aria-hidden=\"true\" class=\"fas fa-at\"><\/i>\t\t\t\t\t\t<\/span>\n\t\t\t\t\t\t\t\t\t\t<span class=\"elementor-icon-list-text\">arnaud.crejh@gmail.com<\/span>\n\t\t\t\t\t\t\t\t\t<\/li>\n\t\t\t\t\t\t<\/ul>\n\t\t\t\t<\/div>\n\t\t\t\t<\/div>\n\t\t\t\t\t<\/div>\n\t\t<\/div>\n\t\t\t\t\t<\/div>\n\t\t<\/section>\n\t\t\t\t<div class=\"elementor-element elementor-element-529f3ad elementor-widget elementor-widget-text-editor\" data-id=\"529f3ad\" data-element_type=\"widget\" data-widget_type=\"text-editor.default\">\n\t\t\t\t<div class=\"elementor-widget-container\">\n\t\t\t\t\t\t\t<p>Ou via ce formulaire :<\/p>\t\t\t\t\t\t<\/div>\n\t\t\t\t<\/div>\n\t\t\t\t<div class=\"elementor-element elementor-element-22e7f6b elementor-button-align-stretch elementor-widget elementor-widget-form\" data-id=\"22e7f6b\" data-element_type=\"widget\" data-settings=\"{&quot;button_width&quot;:&quot;20&quot;,&quot;step_next_label&quot;:&quot;Suivant&quot;,&quot;step_previous_label&quot;:&quot;Pr\\u00e9c\\u00e9dent&quot;,&quot;step_type&quot;:&quot;number_text&quot;,&quot;step_icon_shape&quot;:&quot;circle&quot;}\" data-widget_type=\"form.default\">\n\t\t\t\t<div class=\"elementor-widget-container\">\n\t\t\t\t\t<form class=\"elementor-form\" method=\"post\" name=\"Demande des sensibilisation\">\n\t\t\t<input type=\"hidden\" name=\"post_id\" value=\"1960\"\/>\n\t\t\t<input type=\"hidden\" name=\"form_id\" value=\"22e7f6b\"\/>\n\t\t\t<input type=\"hidden\" name=\"referer_title\" value=\"\" \/>\n\n\t\t\t\n\t\t\t<div class=\"elementor-form-fields-wrapper elementor-labels-\">\n\t\t\t\t\t\t\t\t<div class=\"elementor-field-type-text elementor-field-group elementor-column elementor-field-group-name elementor-col-100 elementor-field-required\">\n\t\t\t\t\t\t\t\t\t\t\t\t<label for=\"form-field-name\" class=\"elementor-field-label elementor-screen-only\">\n\t\t\t\t\t\t\t\tNom\t\t\t\t\t\t\t<\/label>\n\t\t\t\t\t\t\t\t\t\t\t\t\t\t<input size=\"1\" type=\"text\" name=\"form_fields[name]\" id=\"form-field-name\" class=\"elementor-field elementor-size-sm  elementor-field-textual\" placeholder=\"Nom\" required=\"required\" aria-required=\"true\">\n\t\t\t\t\t\t\t\t\t\t\t<\/div>\n\t\t\t\t\t\t\t\t<div class=\"elementor-field-type-text elementor-field-group elementor-column elementor-field-group-field_6d65844 elementor-col-100 elementor-field-required\">\n\t\t\t\t\t\t\t\t\t\t\t\t<label for=\"form-field-field_6d65844\" class=\"elementor-field-label elementor-screen-only\">\n\t\t\t\t\t\t\t\tStructure\t\t\t\t\t\t\t<\/label>\n\t\t\t\t\t\t\t\t\t\t\t\t\t\t<input size=\"1\" type=\"text\" name=\"form_fields[field_6d65844]\" id=\"form-field-field_6d65844\" class=\"elementor-field elementor-size-sm  elementor-field-textual\" placeholder=\"Structure\" required=\"required\" aria-required=\"true\">\n\t\t\t\t\t\t\t\t\t\t\t<\/div>\n\t\t\t\t\t\t\t\t<div class=\"elementor-field-type-email elementor-field-group elementor-column elementor-field-group-email elementor-col-100 elementor-field-required\">\n\t\t\t\t\t\t\t\t\t\t\t\t<label for=\"form-field-email\" class=\"elementor-field-label elementor-screen-only\">\n\t\t\t\t\t\t\t\tE-mail\t\t\t\t\t\t\t<\/label>\n\t\t\t\t\t\t\t\t\t\t\t\t\t\t<input size=\"1\" type=\"email\" name=\"form_fields[email]\" id=\"form-field-email\" class=\"elementor-field elementor-size-sm  elementor-field-textual\" placeholder=\"E-mail\" required=\"required\" aria-required=\"true\">\n\t\t\t\t\t\t\t\t\t\t\t<\/div>\n\t\t\t\t\t\t\t\t<div class=\"elementor-field-type-tel elementor-field-group elementor-column elementor-field-group-field_33bc65e elementor-col-100 elementor-field-required\">\n\t\t\t\t\t\t\t\t\t\t\t\t<label for=\"form-field-field_33bc65e\" class=\"elementor-field-label elementor-screen-only\">\n\t\t\t\t\t\t\t\tT\u00e9l\u00e9phone\t\t\t\t\t\t\t<\/label>\n\t\t\t\t\t\t\t\t<input size=\"1\" type=\"tel\" name=\"form_fields[field_33bc65e]\" id=\"form-field-field_33bc65e\" class=\"elementor-field elementor-size-sm  elementor-field-textual\" placeholder=\"T\u00e9l\u00e9phone\" required=\"required\" aria-required=\"true\" pattern=\"[0-9()#&amp;+*-=.]+\" title=\"Seuls les caract\u00e8res de num\u00e9ros de t\u00e9l\u00e9phone (#, -, *, etc.) sont accept\u00e9s.\">\n\n\t\t\t\t\t\t<\/div>\n\t\t\t\t\t\t\t\t<div class=\"elementor-field-type-textarea elementor-field-group elementor-column elementor-field-group-message elementor-col-100 elementor-field-required\">\n\t\t\t\t\t\t\t\t\t\t\t\t<label for=\"form-field-message\" class=\"elementor-field-label elementor-screen-only\">\n\t\t\t\t\t\t\t\tMessage\t\t\t\t\t\t\t<\/label>\n\t\t\t\t\t\t<textarea class=\"elementor-field-textual elementor-field  elementor-size-sm\" name=\"form_fields[message]\" id=\"form-field-message\" rows=\"5\" placeholder=\"Message\" required=\"required\" aria-required=\"true\"><\/textarea>\t\t\t\t<\/div>\n\t\t\t\t\t\t\t\t<div class=\"elementor-field-group elementor-column elementor-field-type-submit elementor-col-20 e-form__buttons\">\n\t\t\t\t\t<button type=\"submit\" class=\"elementor-button elementor-size-lg\">\n\t\t\t\t\t\t<span >\n\t\t\t\t\t\t\t\t\t\t\t\t\t\t\t<span class=\" elementor-button-icon\">\n\t\t\t\t\t\t\t\t\t\t\t\t\t\t\t\t\t\t\t\t\t\t\t\t\t\t<\/span>\n\t\t\t\t\t\t\t\t\t\t\t\t\t\t\t\t\t\t\t\t\t\t<span class=\"elementor-button-text\">Envoyer<\/span>\n\t\t\t\t\t\t\t\t\t\t\t\t\t<\/span>\n\t\t\t\t\t<\/button>\n\t\t\t\t<\/div>\n\t\t\t<\/div>\n\t\t<\/form>\n\t\t\t\t<\/div>\n\t\t\t\t<\/div>\n\t\t\t\t\t<\/div>\n\t\t<\/div>\n\t\t\t\t\t<\/div>\n\t\t<\/section>\n\t\t\t\t<section class=\"elementor-section elementor-top-section elementor-element elementor-element-2bec350 elementor-section-boxed elementor-section-height-default elementor-section-height-default\" data-id=\"2bec350\" data-element_type=\"section\">\n\t\t\t\t\t\t<div class=\"elementor-container elementor-column-gap-default\">\n\t\t\t\t\t<div class=\"elementor-column elementor-col-100 elementor-top-column elementor-element elementor-element-01fa734\" data-id=\"01fa734\" data-element_type=\"column\">\n\t\t\t<div class=\"elementor-widget-wrap elementor-element-populated\">\n\t\t\t\t\t\t<div class=\"elementor-element elementor-element-40f214d elementor-widget elementor-widget-spacer\" data-id=\"40f214d\" data-element_type=\"widget\" data-widget_type=\"spacer.default\">\n\t\t\t\t<div class=\"elementor-widget-container\">\n\t\t\t\t\t<div class=\"elementor-spacer\">\n\t\t\t<div class=\"elementor-spacer-inner\"><\/div>\n\t\t<\/div>\n\t\t\t\t<\/div>\n\t\t\t\t<\/div>\n\t\t\t\t\t<\/div>\n\t\t<\/div>\n\t\t\t\t\t<\/div>\n\t\t<\/section>\n\t\t\t\t<\/div>\n\t\t","protected":false},"excerpt":{"rendered":"<p>Accompagnement du Centre Ressources Constitue un handicap, au sens de la pr\u00e9sente loi, toute limitation d&rsquo;activit\u00e9 ou restriction de participation \u00e0 la vie en soci\u00e9t\u00e9 subie dans son environnement par une personne en raison d&rsquo;une alt\u00e9ration substantielle, durable ou d\u00e9finitive d&rsquo;une ou plusieurs fonctions physiques, sensorielles, mentales, cognitives ou psychiques, d&rsquo;un polyhandicap ou d&rsquo;un trouble [&hellip;]<\/p>\n","protected":false},"author":1,"featured_media":0,"parent":0,"menu_order":0,"comment_status":"closed","ping_status":"closed","template":"","meta":{"footnotes":""},"class_list":["post-1960","page","type-page","status-publish","hentry"],"_links":{"self":[{"href":"https:\/\/jpa67.fr\/crejh\/wp-json\/wp\/v2\/pages\/1960","targetHints":{"allow":["GET"]}}],"collection":[{"href":"https:\/\/jpa67.fr\/crejh\/wp-json\/wp\/v2\/pages"}],"about":[{"href":"https:\/\/jpa67.fr\/crejh\/wp-json\/wp\/v2\/types\/page"}],"author":[{"embeddable":true,"href":"https:\/\/jpa67.fr\/crejh\/wp-json\/wp\/v2\/users\/1"}],"replies":[{"embeddable":true,"href":"https:\/\/jpa67.fr\/crejh\/wp-json\/wp\/v2\/comments?post=1960"}],"version-history":[{"count":163,"href":"https:\/\/jpa67.fr\/crejh\/wp-json\/wp\/v2\/pages\/1960\/revisions"}],"predecessor-version":[{"id":4240,"href":"https:\/\/jpa67.fr\/crejh\/wp-json\/wp\/v2\/pages\/1960\/revisions\/4240"}],"wp:attachment":[{"href":"https:\/\/jpa67.fr\/crejh\/wp-json\/wp\/v2\/media?parent=1960"}],"curies":[{"name":"wp","href":"https:\/\/api.w.org\/{rel}","templated":true}]}}