{"id":2724,"date":"2020-11-30T12:00:51","date_gmt":"2020-11-30T11:00:51","guid":{"rendered":"http:\/\/jpa67.fr\/fr\/?page_id=2724"},"modified":"2020-12-02T10:11:47","modified_gmt":"2020-12-02T09:11:47","slug":"2724-2","status":"publish","type":"page","link":"https:\/\/jpa67.fr\/fr\/2724-2\/","title":{"rendered":"Actualit\u00e9s du Centre Ressources Enfance-Jeunesse &#038; Handicap"},"content":{"rendered":"<div id=\"pl-2724\"  class=\"panel-layout\" ><div id=\"pg-2724-0\"  class=\"panel-grid panel-no-style\" ><div id=\"pgc-2724-0-0\"  class=\"panel-grid-cell\" ><div id=\"panel-2724-0-0-0\" class=\"so-panel widget widget_sow-headline panel-first-child\" data-index=\"0\" ><div\n\t\t\t\n\t\t\tclass=\"so-widget-sow-headline so-widget-sow-headline-default-ea0af4cf39ae-2724\"\n\t\t\t\n\t\t><div class=\"sow-headline-container \">\n\t\t\t\t\t\t<div class=\"decoration\">\n\t\t\t\t\t\t<div class=\"decoration-inside\"><\/div>\n\t\t\t\t\t<\/div>\n\t\t\t\t\t<\/div>\n<\/div><\/div><div id=\"panel-2724-0-0-1\" class=\"so-panel widget widget_sow-headline\" data-index=\"1\" ><div\n\t\t\t\n\t\t\tclass=\"so-widget-sow-headline so-widget-sow-headline-default-ea0af4cf39ae-2724\"\n\t\t\t\n\t\t><div class=\"sow-headline-container \">\n\t\t\t\t\t\t\t<h1 class=\"sow-headline\">\n\t\t\t\t\t\tACTIONS en direction des parents d\u2019enfants en situation de handicap\t\t\t\t\t\t<\/h1>\n\t\t\t\t\t\t\t\t\t\t\t<div class=\"decoration\">\n\t\t\t\t\t\t<div class=\"decoration-inside\"><\/div>\n\t\t\t\t\t<\/div>\n\t\t\t\t\t\t\t\t\t\t\t<h3 class=\"sow-sub-headline\">\n\t\t\t\t\t\tLes solutions de R\u00c9PIT\t\t\t\t\t\t<\/h3>\n\t\t\t\t\t\t<\/div>\n<\/div><\/div><div id=\"panel-2724-0-0-2\" class=\"so-panel widget widget_sow-editor\" data-index=\"2\" ><div\n\t\t\t\n\t\t\tclass=\"so-widget-sow-editor so-widget-sow-editor-base\"\n\t\t\t\n\t\t>\n<div class=\"siteorigin-widget-tinymce textwidget\">\n\t<p>Le CREJH met en \u0153uvre une action qui a comme objectif de pouvoir permettre aux parents d\u2019avoir des temps de r\u00e9pit et d\u2019avoir une \u00e9coute \/un soutien.<\/p>\n<\/div>\n<\/div><\/div><div id=\"panel-2724-0-0-3\" class=\"so-panel widget widget_sow-editor panel-last-child\" data-index=\"3\" ><div\n\t\t\t\n\t\t\tclass=\"so-widget-sow-editor so-widget-sow-editor-base\"\n\t\t\t\n\t\t><h3 class=\"widget-title\">Interventions \u00e0 domicile<\/h3>\n<div class=\"siteorigin-widget-tinymce textwidget\">\n\t<p>Par un prestataire de service<\/p>\n<\/div>\n<\/div><\/div><\/div><\/div><div id=\"pg-2724-1\"  class=\"panel-grid panel-no-style\" ><div id=\"pgc-2724-1-0\"  class=\"panel-grid-cell\" ><div id=\"panel-2724-1-0-0\" class=\"so-panel widget widget_sow-image panel-first-child panel-last-child\" data-index=\"4\" ><div\n\t\t\t\n\t\t\tclass=\"so-widget-sow-image so-widget-sow-image-default-dbf295114b96-2724\"\n\t\t\t\n\t\t>\n\n<div class=\"sow-image-container\">\n\t\t<img src=\"https:\/\/jpa67.fr\/fr\/wp-content\/uploads\/2020\/12\/logo-Vitalliance.jpg\" width=\"1028\" height=\"888\" srcset=\"https:\/\/jpa67.fr\/fr\/wp-content\/uploads\/2020\/12\/logo-Vitalliance.jpg 1028w, https:\/\/jpa67.fr\/fr\/wp-content\/uploads\/2020\/12\/logo-Vitalliance-300x259.jpg 300w, https:\/\/jpa67.fr\/fr\/wp-content\/uploads\/2020\/12\/logo-Vitalliance-768x663.jpg 768w, https:\/\/jpa67.fr\/fr\/wp-content\/uploads\/2020\/12\/logo-Vitalliance-1024x885.jpg 1024w\" sizes=\"(max-width: 1028px) 100vw, 1028px\" alt=\"\" loading=\"lazy\" \t\tclass=\"so-widget-image\"\/>\n\t<\/div>\n\n<\/div><\/div><\/div><div id=\"pgc-2724-1-1\"  class=\"panel-grid-cell\" ><div id=\"panel-2724-1-1-0\" class=\"so-panel widget widget_sow-image panel-first-child panel-last-child\" data-index=\"5\" ><div\n\t\t\t\n\t\t\tclass=\"so-widget-sow-image so-widget-sow-image-default-8b5b6f678277-2724\"\n\t\t\t\n\t\t>\n\n<div class=\"sow-image-container\">\n\t\t<img src=\"https:\/\/jpa67.fr\/fr\/wp-content\/uploads\/2020\/12\/Logo-2APA-ADEDOM-150x150.png\" width=\"150\" height=\"150\" sizes=\"(max-width: 150px) 100vw, 150px\" title=\"Logo 2APA ADEDOM\" alt=\"\" loading=\"lazy\" \t\tclass=\"so-widget-image\"\/>\n\t<\/div>\n\n<\/div><\/div><\/div><div id=\"pgc-2724-1-2\"  class=\"panel-grid-cell\" ><div id=\"panel-2724-1-2-0\" class=\"so-panel widget widget_sow-image panel-first-child panel-last-child\" data-index=\"6\" ><div\n\t\t\t\n\t\t\tclass=\"so-widget-sow-image so-widget-sow-image-default-8b5b6f678277-2724\"\n\t\t\t\n\t\t>\n\n<div class=\"sow-image-container\">\n\t\t<img src=\"https:\/\/jpa67.fr\/fr\/wp-content\/uploads\/2020\/12\/logo-abs-NORMAL-fond-blanc-72dpi-150x150.jpg\" width=\"150\" height=\"150\" sizes=\"(max-width: 150px) 100vw, 150px\" alt=\"\" loading=\"lazy\" \t\tclass=\"so-widget-image\"\/>\n\t<\/div>\n\n<\/div><\/div><\/div><\/div><\/div>","protected":false},"excerpt":{"rendered":"<p>Le CREJH met en \u0153uvre une action qui a comme objectif de pouvoir permettre aux parents d\u2019avoir des temps de [&hellip;]<\/p>\n","protected":false},"author":3,"featured_media":0,"parent":0,"menu_order":0,"comment_status":"closed","ping_status":"closed","template":"","meta":{"spay_email":""},"jetpack_sharing_enabled":true,"jetpack_shortlink":"https:\/\/wp.me\/P7mWfa-HW","jetpack-related-posts":[{"id":1081,"url":"https:\/\/jpa67.fr\/fr\/nos-actions\/centre-ressources-enfance-jeunesse-et-handicap\/","url_meta":{"origin":2724,"position":0},"title":"Centre Ressources Enfance-Jeunesse et Handicap","date":"25 janvier 2018","format":false,"excerpt":"Nos Actions 07 71 22 87 70 loisirs.handicap@jpa67.fr","rel":"","context":"Article similaire","img":{"alt_text":"","src":"","width":0,"height":0},"classes":[]},{"id":2571,"url":"https:\/\/jpa67.fr\/fr\/nos-actions\/centre-ressources-enfance-jeunesse-et-handicap\/les-ressources-familles\/sejour-repit\/","url_meta":{"origin":2724,"position":1},"title":"S\u00e9jour r\u00e9pit","date":"9 avril 2020","format":false,"excerpt":"D\u00e9couvrez la vie d\u2019une vall\u00e9e alsacienne \u2013 Du 03 ao\u00fbt\u00a0au 08 ao\u00fbt\u00a02020 (6 jours \u2013 5 nuits) Week-end \u00abBien-\u00eatre en famille\u00bb dans les Vosges \u2013 Du 16 Octobre \u00a0au 18 octobre 2020 (3 jours \u2013 2 nuits) \u00a0","rel":"","context":"Article similaire","img":{"alt_text":"","src":"","width":0,"height":0},"classes":[]},{"id":2622,"url":"https:\/\/jpa67.fr\/fr\/nos-actions\/centre-ressources-enfance-jeunesse-et-handicap\/les-ressources-familles\/liens-internet\/","url_meta":{"origin":2724,"position":2},"title":"Liens internet","date":"21 avril 2020","format":false,"excerpt":"","rel":"","context":"Article similaire","img":{"alt_text":"","src":"","width":0,"height":0},"classes":[]},{"id":1723,"url":"https:\/\/jpa67.fr\/fr\/nos-actions\/centre-ressources-enfance-jeunesse-et-handicap\/les-ressources-disponibles\/fichiers-documentaires-brochures-affiches\/","url_meta":{"origin":2724,"position":3},"title":"Fichiers documentaires &#8211; brochures &#8211; affiches","date":"20 ao\u00fbt 2018","format":false,"excerpt":"","rel":"","context":"Article similaire","img":{"alt_text":"","src":"","width":0,"height":0},"classes":[]},{"id":2520,"url":"https:\/\/jpa67.fr\/fr\/nos-actions\/centre-ressources-enfance-jeunesse-et-handicap\/les-ressources-familles\/documentations-brochures\/","url_meta":{"origin":2724,"position":4},"title":"Guides \/ documents administratifs &#8230;","date":"9 avril 2020","format":false,"excerpt":"\u00a0 Ce\u00a0Guide \"Comment compenser les surco\u00fbts \"\u00a0, propose des pistes pour compenser le plus possibles les surco\u00fbts qui incombent aux parents \u00a0 Le livret sur l'accueil des enfants en situation de handicap dans les accueils de loisirs. C'est un outil permettant \u00e0 chacun de s'inscrire dans une d\u00e9marche d'accueil des\u2026","rel":"","context":"Article similaire","img":{"alt_text":"","src":"","width":0,"height":0},"classes":[]},{"id":79,"url":"https:\/\/jpa67.fr\/fr\/nos-actions\/centre-ressources-enfance-jeunesse-et-handicap-ancien\/","url_meta":{"origin":2724,"position":5},"title":"Centre Ressources Enfance-Jeunesse et Handicap &#8211; ANCIEN","date":"9 mars 2016","format":false,"excerpt":"Notre mission La Jeunesse au Plein Air agit pour que les enfants handicap\u00e9s puissent b\u00e9n\u00e9ficier avec les autres de s\u00e9jours de vacances et de loisirs.\u00a0Elle pose comme principes le droit \u00e0 l'\u00e9ducation et l'int\u00e9gration des mineurs et des adultes handicap\u00e9s ou en difficult\u00e9s sociales. D\u00e9couvrir\u00a0en d\u00e9tails nos actions","rel":"","context":"Article similaire","img":{"alt_text":"","src":"","width":0,"height":0},"classes":[]}],"_links":{"self":[{"href":"https:\/\/jpa67.fr\/fr\/wp-json\/wp\/v2\/pages\/2724"}],"collection":[{"href":"https:\/\/jpa67.fr\/fr\/wp-json\/wp\/v2\/pages"}],"about":[{"href":"https:\/\/jpa67.fr\/fr\/wp-json\/wp\/v2\/types\/page"}],"author":[{"embeddable":true,"href":"https:\/\/jpa67.fr\/fr\/wp-json\/wp\/v2\/users\/3"}],"replies":[{"embeddable":true,"href":"https:\/\/jpa67.fr\/fr\/wp-json\/wp\/v2\/comments?post=2724"}],"version-history":[{"count":75,"href":"https:\/\/jpa67.fr\/fr\/wp-json\/wp\/v2\/pages\/2724\/revisions"}],"predecessor-version":[{"id":2845,"href":"https:\/\/jpa67.fr\/fr\/wp-json\/wp\/v2\/pages\/2724\/revisions\/2845"}],"wp:attachment":[{"href":"https:\/\/jpa67.fr\/fr\/wp-json\/wp\/v2\/media?parent=2724"}],"curies":[{"name":"wp","href":"https:\/\/api.w.org\/{rel}","templated":true}]}}

Actualités du Centre Ressources Enfance-Jeunesse &#038; Handicap

<div id="pl-2724"  class="panel-layout" ><div id="pg-2724-0"  class="panel-grid panel-no-style" ><div id="pgc-2724-0-0"  class="panel-grid-cell" ><div id="panel-2724-0-0-0" class="so-panel widget widget_sow-headline panel-first-child" data-index="0" ><div
			
			class="so-widget-sow-headline so-widget-sow-headline-default-ea0af4cf39ae-2724"
			
		><div class="sow-headline-container ">
						<div class="decoration">
						<div class="decoration-inside"></div>
					</div>
					</div>
</div></div><div id="panel-2724-0-0-1" class="so-panel widget widget_sow-headline" data-index="1" ><div
			
			class="so-widget-sow-headline so-widget-sow-headline-default-ea0af4cf39ae-2724"
			
		><div class="sow-headline-container ">
							<h1 class="sow-headline">
						ACTIONS en direction des parents d’enfants en situation de handicap						</h1>
											<div class="decoration">
						<div class="decoration-inside"></div>
					</div>
											<h3 class="sow-sub-headline">
						Les solutions de RÉPIT						</h3>
						</div>
</div></div><div id="panel-2724-0-0-2" class="so-panel widget widget_sow-editor" data-index="2" ><div
			
			class="so-widget-sow-editor so-widget-sow-editor-base"
			
		>
<div class="siteorigin-widget-tinymce textwidget">
	<p>Le CREJH met en œuvre une action qui a comme objectif de pouvoir permettre aux parents d’avoir des temps de répit et d’avoir une écoute /un soutien.</p>
</div>
</div></div><div id="panel-2724-0-0-3" class="so-panel widget widget_sow-editor panel-last-child" data-index="3" ><div
			
			class="so-widget-sow-editor so-widget-sow-editor-base"
			
		><h3 class="widget-title">Interventions à domicile</h3>
<div class="siteorigin-widget-tinymce textwidget">
	<p>Par un prestataire de service</p>
</div>
</div></div></div></div><div id="pg-2724-1"  class="panel-grid panel-no-style" ><div id="pgc-2724-1-0"  class="panel-grid-cell" ><div id="panel-2724-1-0-0" class="so-panel widget widget_sow-image panel-first-child panel-last-child" data-index="4" ><div
			
			class="so-widget-sow-image so-widget-sow-image-default-dbf295114b96-2724"
			
		>

<div class="sow-image-container">
		<img src="https://jpa67.fr/fr/wp-content/uploads/2020/12/logo-Vitalliance.jpg" width="1028" height="888" srcset="https://jpa67.fr/fr/wp-content/uploads/2020/12/logo-Vitalliance.jpg 1028w, https://jpa67.fr/fr/wp-content/uploads/2020/12/logo-Vitalliance-300x259.jpg 300w, https://jpa67.fr/fr/wp-content/uploads/2020/12/logo-Vitalliance-768x663.jpg 768w, https://jpa67.fr/fr/wp-content/uploads/2020/12/logo-Vitalliance-1024x885.jpg 1024w" sizes="(max-width: 1028px) 100vw, 1028px" alt="" loading="lazy" 		class="so-widget-image"/>
	</div>

</div></div></div><div id="pgc-2724-1-1"  class="panel-grid-cell" ><div id="panel-2724-1-1-0" class="so-panel widget widget_sow-image panel-first-child panel-last-child" data-index="5" ><div
			
			class="so-widget-sow-image so-widget-sow-image-default-8b5b6f678277-2724"
			
		>

<div class="sow-image-container">
		<img src="https://jpa67.fr/fr/wp-content/uploads/2020/12/Logo-2APA-ADEDOM-150x150.png" width="150" height="150" sizes="(max-width: 150px) 100vw, 150px" title="Logo 2APA ADEDOM" alt="" loading="lazy" 		class="so-widget-image"/>
	</div>

</div></div></div><div id="pgc-2724-1-2"  class="panel-grid-cell" ><div id="panel-2724-1-2-0" class="so-panel widget widget_sow-image panel-first-child panel-last-child" data-index="6" ><div
			
			class="so-widget-sow-image so-widget-sow-image-default-8b5b6f678277-2724"
			
		>

<div class="sow-image-container">
		<img src="https://jpa67.fr/fr/wp-content/uploads/2020/12/logo-abs-NORMAL-fond-blanc-72dpi-150x150.jpg" width="150" height="150" sizes="(max-width: 150px) 100vw, 150px" alt="" loading="lazy" 		class="so-widget-image"/>
	</div>

</div></div></div></div></div>

<p>Le CREJH met en œuvre une action qui a comme objectif de pouvoir permettre aux parents d’avoir des temps de [&hellip;]</p>

Séjour répit

Découvrez la vie d’une vallée alsacienne – Du 03 août au 08 août 2020 (6 jours – 5 nuits) Week-end «Bien-être en famille» dans les Vosges – Du 16 Octobre  au 18 octobre 2020 (3 jours – 2 nuits)

20 août 2018

Ce Guide "Comment compenser les surcoûts " , propose des pistes pour compenser le plus possibles les surcoûts qui incombent aux parents   Le livret sur l'accueil des enfants en situation de handicap dans les accueils de loisirs. C'est un outil permettant à chacun de s'inscrire dans une démarche d'accueil des…

Notre mission La Jeunesse au Plein Air agit pour que les enfants handicapés puissent bénéficier avec les autres de séjours de vacances et de loisirs. Elle pose comme principes le droit à l'éducation et l'intégration des mineurs et des adultes handicapés ou en difficultés sociales. Découvrir en détails nos actions
